{"id":3018,"date":"2016-02-02T15:53:45","date_gmt":"2016-02-02T15:53:45","guid":{"rendered":"https:\/\/www.moderco.com\/projects\/sala-capacitacion-2o-piso-claro-chile\/?lang=fr"},"modified":"2016-06-22T15:00:21","modified_gmt":"2016-06-22T15:00:21","slug":"sala-capacitacion-2o-piso-claro-chile","status":"publish","type":"projects","link":"https:\/\/www.moderco.com\/fr\/projects\/sala-capacitacion-2o-piso-claro-chile\/","title":{"rendered":"Sala Capacitaci\u00f3n 2\u00ba piso &#8211; CLARO CHILE"},"content":{"rendered":"<p>Dividir recinto, para salas de Capacitaci\u00f3n, orientadas a dar instrucci\u00f3n a sus funcionarios Empresa del \u00e1rea Telecomunicaciones, con amplio staff de profesionales en diversar \u00e1reas, que har\u00e1n uso de estas dependencias.<\/p>\n","protected":false},"author":1,"featured_media":3230,"template":"","meta":{"_acf_changed":false,"_bbp_topic_count":0,"_bbp_reply_count":0,"_bbp_total_topic_count":0,"_bbp_total_reply_count":0,"_bbp_voice_count":0,"_bbp_anonymous_reply_count":0,"_bbp_topic_count_hidden":0,"_bbp_reply_count_hidden":0,"_bbp_forum_subforum_count":0},"our-projects":[],"class_list":["post-3018","projects","type-projects","status-publish","has-post-thumbnail","hentry"],"acf":[],"yoast_head":"<!-- This site is optimized with the Yoast SEO plugin v26.2 - https:\/\/yoast.com\/wordpress\/plugins\/seo\/ -->\n<title>Sala Capacitaci\u00f3n 2\u00ba piso - CLARO CHILE | Moderco<\/title>\n<meta name=\"robots\" content=\"noindex, nofollow\" \/>\n<meta property=\"og:locale\" content=\"fr_FR\" \/>\n<meta property=\"og:type\" content=\"article\" \/>\n<meta property=\"og:title\" content=\"Sala Capacitaci\u00f3n 2\u00ba piso - CLARO CHILE | Moderco\" \/>\n<meta property=\"og:description\" content=\"Dividir recinto, para salas de Capacitaci\u00f3n, orientadas a dar instrucci\u00f3n a sus funcionarios Empresa del \u00e1rea Telecomunicaciones, con amplio staff de profesionales en diversar \u00e1reas, que har\u00e1n uso de estas dependencias.\" \/>\n<meta property=\"og:url\" content=\"https:\/\/www.moderco.com\/fr\/projects\/sala-capacitacion-2o-piso-claro-chile\/\" \/>\n<meta property=\"og:site_name\" content=\"Moderco\" \/>\n<meta property=\"article:modified_time\" content=\"2016-06-22T15:00:21+00:00\" \/>\n<meta property=\"og:image\" content=\"https:\/\/www.moderco.com\/wp-content\/uploads\/2016\/02\/claro-paneles.jpg\" \/>\n\t<meta property=\"og:image:width\" content=\"759\" \/>\n\t<meta property=\"og:image:height\" content=\"445\" \/>\n\t<meta property=\"og:image:type\" content=\"image\/jpeg\" \/>\n<script type=\"application\/ld+json\" class=\"yoast-schema-graph\">{\"@context\":\"https:\/\/schema.org\",\"@graph\":[{\"@type\":\"WebPage\",\"@id\":\"https:\/\/www.moderco.com\/fr\/projects\/sala-capacitacion-2o-piso-claro-chile\/\",\"url\":\"https:\/\/www.moderco.com\/fr\/projects\/sala-capacitacion-2o-piso-claro-chile\/\",\"name\":\"Sala Capacitaci\u00f3n 2\u00ba piso - CLARO CHILE | Moderco\",\"isPartOf\":{\"@id\":\"https:\/\/www.moderco.com\/#website\"},\"primaryImageOfPage\":{\"@id\":\"https:\/\/www.moderco.com\/fr\/projects\/sala-capacitacion-2o-piso-claro-chile\/#primaryimage\"},\"image\":{\"@id\":\"https:\/\/www.moderco.com\/fr\/projects\/sala-capacitacion-2o-piso-claro-chile\/#primaryimage\"},\"thumbnailUrl\":\"https:\/\/www.moderco.com\/wp-content\/uploads\/2016\/02\/claro-paneles.jpg\",\"datePublished\":\"2016-02-02T15:53:45+00:00\",\"dateModified\":\"2016-06-22T15:00:21+00:00\",\"breadcrumb\":{\"@id\":\"https:\/\/www.moderco.com\/fr\/projects\/sala-capacitacion-2o-piso-claro-chile\/#breadcrumb\"},\"inLanguage\":\"fr-FR\",\"potentialAction\":[{\"@type\":\"ReadAction\",\"target\":[\"https:\/\/www.moderco.com\/fr\/projects\/sala-capacitacion-2o-piso-claro-chile\/\"]}]},{\"@type\":\"ImageObject\",\"inLanguage\":\"fr-FR\",\"@id\":\"https:\/\/www.moderco.com\/fr\/projects\/sala-capacitacion-2o-piso-claro-chile\/#primaryimage\",\"url\":\"https:\/\/www.moderco.com\/wp-content\/uploads\/2016\/02\/claro-paneles.jpg\",\"contentUrl\":\"https:\/\/www.moderco.com\/wp-content\/uploads\/2016\/02\/claro-paneles.jpg\",\"width\":759,\"height\":445},{\"@type\":\"BreadcrumbList\",\"@id\":\"https:\/\/www.moderco.com\/fr\/projects\/sala-capacitacion-2o-piso-claro-chile\/#breadcrumb\",\"itemListElement\":[{\"@type\":\"ListItem\",\"position\":1,\"name\":\"Home\",\"item\":\"https:\/\/www.moderco.com\/fr\/\"},{\"@type\":\"ListItem\",\"position\":2,\"name\":\"Sala Capacitaci\u00f3n 2\u00ba piso &#8211; CLARO CHILE\"}]},{\"@type\":\"WebSite\",\"@id\":\"https:\/\/www.moderco.com\/#website\",\"url\":\"https:\/\/www.moderco.com\/\",\"name\":\"Moderco\",\"description\":\"Un site utilisant WordPress\",\"publisher\":{\"@id\":\"https:\/\/www.moderco.com\/#organization\"},\"potentialAction\":[{\"@type\":\"SearchAction\",\"target\":{\"@type\":\"EntryPoint\",\"urlTemplate\":\"https:\/\/www.moderco.com\/?s={search_term_string}\"},\"query-input\":{\"@type\":\"PropertyValueSpecification\",\"valueRequired\":true,\"valueName\":\"search_term_string\"}}],\"inLanguage\":\"fr-FR\"},{\"@type\":\"Organization\",\"@id\":\"https:\/\/www.moderco.com\/#organization\",\"name\":\"Moderco\",\"url\":\"https:\/\/www.moderco.com\/\",\"logo\":{\"@type\":\"ImageObject\",\"inLanguage\":\"fr-FR\",\"@id\":\"https:\/\/www.moderco.com\/#\/schema\/logo\/image\/\",\"url\":\"https:\/\/www.moderco.com\/wp-content\/uploads\/2026\/02\/moderco-site-logo.webp\",\"contentUrl\":\"https:\/\/www.moderco.com\/wp-content\/uploads\/2026\/02\/moderco-site-logo.webp\",\"width\":700,\"height\":700,\"caption\":\"Moderco\"},\"image\":{\"@id\":\"https:\/\/www.moderco.com\/#\/schema\/logo\/image\/\"}}]}<\/script>\n<!-- \/ Yoast SEO plugin. -->","yoast_head_json":{"title":"Sala Capacitaci\u00f3n 2\u00ba piso - CLARO CHILE | Moderco","robots":{"index":"noindex","follow":"nofollow"},"og_locale":"fr_FR","og_type":"article","og_title":"Sala Capacitaci\u00f3n 2\u00ba piso - CLARO CHILE | Moderco","og_description":"Dividir recinto, para salas de Capacitaci\u00f3n, orientadas a dar instrucci\u00f3n a sus funcionarios Empresa del \u00e1rea Telecomunicaciones, con amplio staff de profesionales en diversar \u00e1reas, que har\u00e1n uso de estas dependencias.","og_url":"https:\/\/www.moderco.com\/fr\/projects\/sala-capacitacion-2o-piso-claro-chile\/","og_site_name":"Moderco","article_modified_time":"2016-06-22T15:00:21+00:00","og_image":[{"width":759,"height":445,"url":"https:\/\/www.moderco.com\/wp-content\/uploads\/2016\/02\/claro-paneles.jpg","type":"image\/jpeg"}],"schema":{"@context":"https:\/\/schema.org","@graph":[{"@type":"WebPage","@id":"https:\/\/www.moderco.com\/fr\/projects\/sala-capacitacion-2o-piso-claro-chile\/","url":"https:\/\/www.moderco.com\/fr\/projects\/sala-capacitacion-2o-piso-claro-chile\/","name":"Sala Capacitaci\u00f3n 2\u00ba piso - CLARO CHILE | Moderco","isPartOf":{"@id":"https:\/\/www.moderco.com\/#website"},"primaryImageOfPage":{"@id":"https:\/\/www.moderco.com\/fr\/projects\/sala-capacitacion-2o-piso-claro-chile\/#primaryimage"},"image":{"@id":"https:\/\/www.moderco.com\/fr\/projects\/sala-capacitacion-2o-piso-claro-chile\/#primaryimage"},"thumbnailUrl":"https:\/\/www.moderco.com\/wp-content\/uploads\/2016\/02\/claro-paneles.jpg","datePublished":"2016-02-02T15:53:45+00:00","dateModified":"2016-06-22T15:00:21+00:00","breadcrumb":{"@id":"https:\/\/www.moderco.com\/fr\/projects\/sala-capacitacion-2o-piso-claro-chile\/#breadcrumb"},"inLanguage":"fr-FR","potentialAction":[{"@type":"ReadAction","target":["https:\/\/www.moderco.com\/fr\/projects\/sala-capacitacion-2o-piso-claro-chile\/"]}]},{"@type":"ImageObject","inLanguage":"fr-FR","@id":"https:\/\/www.moderco.com\/fr\/projects\/sala-capacitacion-2o-piso-claro-chile\/#primaryimage","url":"https:\/\/www.moderco.com\/wp-content\/uploads\/2016\/02\/claro-paneles.jpg","contentUrl":"https:\/\/www.moderco.com\/wp-content\/uploads\/2016\/02\/claro-paneles.jpg","width":759,"height":445},{"@type":"BreadcrumbList","@id":"https:\/\/www.moderco.com\/fr\/projects\/sala-capacitacion-2o-piso-claro-chile\/#breadcrumb","itemListElement":[{"@type":"ListItem","position":1,"name":"Home","item":"https:\/\/www.moderco.com\/fr\/"},{"@type":"ListItem","position":2,"name":"Sala Capacitaci\u00f3n 2\u00ba piso &#8211; CLARO CHILE"}]},{"@type":"WebSite","@id":"https:\/\/www.moderco.com\/#website","url":"https:\/\/www.moderco.com\/","name":"Moderco","description":"Un site utilisant WordPress","publisher":{"@id":"https:\/\/www.moderco.com\/#organization"},"potentialAction":[{"@type":"SearchAction","target":{"@type":"EntryPoint","urlTemplate":"https:\/\/www.moderco.com\/?s={search_term_string}"},"query-input":{"@type":"PropertyValueSpecification","valueRequired":true,"valueName":"search_term_string"}}],"inLanguage":"fr-FR"},{"@type":"Organization","@id":"https:\/\/www.moderco.com\/#organization","name":"Moderco","url":"https:\/\/www.moderco.com\/","logo":{"@type":"ImageObject","inLanguage":"fr-FR","@id":"https:\/\/www.moderco.com\/#\/schema\/logo\/image\/","url":"https:\/\/www.moderco.com\/wp-content\/uploads\/2026\/02\/moderco-site-logo.webp","contentUrl":"https:\/\/www.moderco.com\/wp-content\/uploads\/2026\/02\/moderco-site-logo.webp","width":700,"height":700,"caption":"Moderco"},"image":{"@id":"https:\/\/www.moderco.com\/#\/schema\/logo\/image\/"}}]}},"_links":{"self":[{"href":"https:\/\/www.moderco.com\/fr\/wp-json\/wp\/v2\/projects\/3018","targetHints":{"allow":["GET"]}}],"collection":[{"href":"https:\/\/www.moderco.com\/fr\/wp-json\/wp\/v2\/projects"}],"about":[{"href":"https:\/\/www.moderco.com\/fr\/wp-json\/wp\/v2\/types\/projects"}],"author":[{"embeddable":true,"href":"https:\/\/www.moderco.com\/fr\/wp-json\/wp\/v2\/users\/1"}],"wp:featuredmedia":[{"embeddable":true,"href":"https:\/\/www.moderco.com\/fr\/wp-json\/wp\/v2\/media\/3230"}],"wp:attachment":[{"href":"https:\/\/www.moderco.com\/fr\/wp-json\/wp\/v2\/media?parent=3018"}],"wp:term":[{"taxonomy":"our-projects","embeddable":true,"href":"https:\/\/www.moderco.com\/fr\/wp-json\/wp\/v2\/our-projects?post=3018"}],"curies":[{"name":"wp","href":"https:\/\/api.w.org\/{rel}","templated":true}]}}

Sala Capacitación 2º piso &#8211; CLARO CHILE

<p>Dividir recinto, para salas de Capacitación, orientadas a dar instrucción a sus funcionarios Empresa del área Telecomunicaciones, con amplio staff de profesionales en diversar áreas, que harán uso de estas dependencias.</p>

<!-- This site is optimized with the Yoast SEO plugin v26.2 - https://yoast.com/wordpress/plugins/seo/ -->
<title>Sala Capacitación 2º piso - CLARO CHILE | Moderco</title>
<meta name="robots" content="noindex, nofollow" />
<meta property="og:locale" content="fr_FR" />
<meta property="og:type" content="article" />
<meta property="og:title" content="Sala Capacitación 2º piso - CLARO CHILE | Moderco" />
<meta property="og:description" content="Dividir recinto, para salas de Capacitación, orientadas a dar instrucción a sus funcionarios Empresa del área Telecomunicaciones, con amplio staff de profesionales en diversar áreas, que harán uso de estas dependencias." />
<meta property="og:url" content="https://www.moderco.com/fr/projects/sala-capacitacion-2o-piso-claro-chile/" />
<meta property="og:site_name" content="Moderco" />
<meta property="article:modified_time" content="2016-06-22T15:00:21+00:00" />
<meta property="og:image" content="https://www.moderco.com/wp-content/uploads/2016/02/claro-paneles.jpg" />
	<meta property="og:image:width" content="759" />
	<meta property="og:image:height" content="445" />
	<meta property="og:image:type" content="image/jpeg" />
<script type="application/ld+json" class="yoast-schema-graph">{"@context":"https://schema.org","@graph":[{"@type":"WebPage","@id":"https://www.moderco.com/fr/projects/sala-capacitacion-2o-piso-claro-chile/","url":"https://www.moderco.com/fr/projects/sala-capacitacion-2o-piso-claro-chile/","name":"Sala Capacitación 2º piso - CLARO CHILE | Moderco","isPartOf":{"@id":"https://www.moderco.com/#website"},"primaryImageOfPage":{"@id":"https://www.moderco.com/fr/projects/sala-capacitacion-2o-piso-claro-chile/#primaryimage"},"image":{"@id":"https://www.moderco.com/fr/projects/sala-capacitacion-2o-piso-claro-chile/#primaryimage"},"thumbnailUrl":"https://www.moderco.com/wp-content/uploads/2016/02/claro-paneles.jpg","datePublished":"2016-02-02T15:53:45+00:00","dateModified":"2016-06-22T15:00:21+00:00","breadcrumb":{"@id":"https://www.moderco.com/fr/projects/sala-capacitacion-2o-piso-claro-chile/#breadcrumb"},"inLanguage":"fr-FR","potentialAction":[{"@type":"ReadAction","target":["https://www.moderco.com/fr/projects/sala-capacitacion-2o-piso-claro-chile/"]}]},{"@type":"ImageObject","inLanguage":"fr-FR","@id":"https://www.moderco.com/fr/projects/sala-capacitacion-2o-piso-claro-chile/#primaryimage","url":"https://www.moderco.com/wp-content/uploads/2016/02/claro-paneles.jpg","contentUrl":"https://www.moderco.com/wp-content/uploads/2016/02/claro-paneles.jpg","width":759,"height":445},{"@type":"BreadcrumbList","@id":"https://www.moderco.com/fr/projects/sala-capacitacion-2o-piso-claro-chile/#breadcrumb","itemListElement":[{"@type":"ListItem","position":1,"name":"Home","item":"https://www.moderco.com/fr/"},{"@type":"ListItem","position":2,"name":"Sala Capacitación 2º piso &#8211; CLARO CHILE"}]},{"@type":"WebSite","@id":"https://www.moderco.com/#website","url":"https://www.moderco.com/","name":"Moderco","description":"Un site utilisant WordPress","publisher":{"@id":"https://www.moderco.com/#organization"},"potentialAction":[{"@type":"SearchAction","target":{"@type":"EntryPoint","urlTemplate":"https://www.moderco.com/?s={search_term_string}"},"query-input":{"@type":"PropertyValueSpecification","valueRequired":true,"valueName":"search_term_string"}}],"inLanguage":"fr-FR"},{"@type":"Organization","@id":"https://www.moderco.com/#organization","name":"Moderco","url":"https://www.moderco.com/","logo":{"@type":"ImageObject","inLanguage":"fr-FR","@id":"https://www.moderco.com/#/schema/logo/image/","url":"https://www.moderco.com/wp-content/uploads/2026/02/moderco-site-logo.webp","contentUrl":"https://www.moderco.com/wp-content/uploads/2026/02/moderco-site-logo.webp","width":700,"height":700,"caption":"Moderco"},"image":{"@id":"https://www.moderco.com/#/schema/logo/image/"}}]}</script>
<!-- / Yoast SEO plugin. -->

Sala Capacitación 2º piso - CLARO CHILE | Moderco

Dividir recinto, para salas de Capacitación, orientadas a dar instrucción a sus funcionarios Empresa del área Telecomunicaciones, con amplio staff de profesionales en diversar áreas, que harán uso de estas dependencias.
